{"id":73,"date":"2017-02-16T11:05:21","date_gmt":"2017-02-16T11:05:21","guid":{"rendered":"https:\/\/pedroferraz.com\/empresa\/?page_id=73"},"modified":"2023-07-14T13:42:52","modified_gmt":"2023-07-14T13:42:52","slug":"empresa","status":"publish","type":"page","link":"https:\/\/www.atpfilhos.com\/?page_id=73","title":{"rendered":"Empresa"},"content":{"rendered":"<p>[et_pb_section fb_built=&#8221;1&#8243; fullwidth=&#8221;on&#8221; _builder_version=&#8221;3.19.17&#8243;][et_pb_fullwidth_header title=&#8221;Empresa&#8221; subhead=&#8221;QUEM SOMOS&#8221; _builder_version=&#8221;3.21.1&#8243; use_background_color_gradient=&#8221;on&#8221; background_color_gradient_start=&#8221;rgba(152,112,65,0.78)&#8221; background_color_gradient_end=&#8221;rgba(197,152,97,0.4)&#8221; background_color_gradient_direction=&#8221;146deg&#8221; background_color_gradient_overlays_image=&#8221;on&#8221; background_image=&#8221;https:\/\/www.atpfilhos.com\/novo\/wp-content\/uploads\/2017\/02\/sl_3.jpg&#8221;][\/et_pb_fullwidth_header][\/et_pb_section][et_pb_section fb_built=&#8221;1&#8243; inner_shadow=&#8221;on&#8221; admin_label=&#8221;section&#8221; _builder_version=&#8221;3.19.17&#8243; transparent_background=&#8221;off&#8221;][et_pb_row custom_padding=&#8221;27px|0px|0|0px|false|false&#8221; admin_label=&#8221;row&#8221; _builder_version=&#8221;3.0.47&#8243; background_size=&#8221;initial&#8221; background_position=&#8221;top_left&#8221; background_repeat=&#8221;repeat&#8221;][et_pb_column type=&#8221;3_4&#8243; _builder_version=&#8221;3.0.47&#8243;][et_pb_text admin_label=&#8221;Historial &#8221; _builder_version=&#8221;3.0.87&#8243; background_size=&#8221;initial&#8221; background_position=&#8221;top_left&#8221; background_repeat=&#8221;repeat&#8221; use_border_color=&#8221;off&#8221; border_style=&#8221;solid&#8221;]<\/p>\n<h1>Historial da Empresa<\/h1>\n<p>&nbsp;<\/p>\n<p>ATP-Filhos, Lda. \u00e9 uma empresa moderna, apesar dos seus mais de setenta anos de exist\u00eancia. A sua longa tradi\u00e7\u00e3o na produ\u00e7\u00e3o de urnas funer\u00e1rias \u00e9 um dado adquirido. Poder\u00e1 ver o cat\u00e1logo dos nossos produtos nesta p\u00e1gina, na sec\u00e7\u00e3o \u201cProdutos\u201d e agora tamb\u00e9m pode ver os nossos carros funer\u00e1rios que temos a vossa disposi\u00e7\u00e3o.<\/p>\n<p>A inova\u00e7\u00e3o tem sido uma aposta ganha, no sentido de satisfazer cada vez melhor os nossos clientes.<\/p>\n<p>A nossa unidade de produ\u00e7\u00e3o est\u00e1 actualizada em rela\u00e7\u00e3o aos tempos que decorrem e ao que se produz no pa\u00eds estamos na vanguarda da inova\u00e7\u00e3o e t\u00e9cnica na produ\u00e7\u00e3o de urnas funer\u00e1rias.<\/p>\n<p>Com esta p\u00e1gina web pretendemos chegar mais longe e mostrar os nossos produtos de uma forma expedita e clara. \u00c9 tamb\u00e9m uma solu\u00e7\u00e3o para contactarmos com os nossos clientes, saber as suas necessidades, e sermos assim capazes de responder ainda com mais efic\u00e1cia \u00e1s novas exig\u00eancias que o mercado moderno exige de todos n\u00f3s.<\/p>\n<p>&nbsp;<\/p>\n<p>[\/et_pb_text][\/et_pb_column][et_pb_column type=&#8221;1_4&#8243; _builder_version=&#8221;3.0.47&#8243;][et_pb_image src=&#8221;https:\/\/www.atpfilhos.com\/novo\/wp-content\/uploads\/2019\/03\/atp_marca_dourada_560px.png&#8221; _builder_version=&#8221;3.21.1&#8243; custom_margin=&#8221;100px||&#8221;][\/et_pb_image][\/et_pb_column][\/et_pb_row][\/et_pb_section][et_pb_section fb_built=&#8221;1&#8243; admin_label=&#8221;section&#8221; _builder_version=&#8221;3.19.17&#8243; background_color=&#8221;#f7f7f7&#8243; transparent_background=&#8221;off&#8221;][et_pb_row admin_label=&#8221;row&#8221; _builder_version=&#8221;3.0.47&#8243; background_size=&#8221;initial&#8221; background_position=&#8221;top_left&#8221; background_repeat=&#8221;repeat&#8221;][et_pb_column type=&#8221;1_3&#8243; _builder_version=&#8221;3.0.47&#8243;][et_pb_text _builder_version=&#8221;3.0.87&#8243; background_size=&#8221;initial&#8221; background_position=&#8221;top_left&#8221; background_repeat=&#8221;repeat&#8221; use_border_color=&#8221;off&#8221; border_style=&#8221;solid&#8221;]<\/p>\n<h1>Vis\u00e3o<\/h1>\n<p>.<\/p>\n<p>[\/et_pb_text][\/et_pb_column][et_pb_column type=&#8221;1_3&#8243; _builder_version=&#8221;3.0.47&#8243;][et_pb_text _builder_version=&#8221;3.0.87&#8243; background_size=&#8221;initial&#8221; background_position=&#8221;top_left&#8221; background_repeat=&#8221;repeat&#8221; use_border_color=&#8221;off&#8221; border_style=&#8221;solid&#8221;]<\/p>\n<h1>Miss\u00e3o<\/h1>\n<p><span style=\"font-size: 14px; background-color: #f7f7f7;\">.<\/span><\/p>\n<p>[\/et_pb_text][\/et_pb_column][et_pb_column type=&#8221;1_3&#8243; _builder_version=&#8221;3.0.47&#8243;][et_pb_text _builder_version=&#8221;3.0.87&#8243; background_size=&#8221;initial&#8221; background_position=&#8221;top_left&#8221; background_repeat=&#8221;repeat&#8221; use_border_color=&#8221;off&#8221; border_style=&#8221;solid&#8221;]<\/p>\n<h1>Valores<\/h1>\n<p><span style=\"background-color: #f7f7f7; font-size: 14px;\">.<\/span><\/p>\n<p>[\/et_pb_text][\/et_pb_column][\/et_pb_row][\/et_pb_section]<\/p>\n","protected":false},"excerpt":{"rendered":"<p>Historial da Empresa &nbsp; ATP-Filhos, Lda. \u00e9 uma empresa moderna, apesar dos seus mais de setenta anos de exist\u00eancia. A sua longa tradi\u00e7\u00e3o na produ\u00e7\u00e3o de urnas funer\u00e1rias \u00e9 um dado adquirido. Poder\u00e1 ver o cat\u00e1logo dos nossos produtos nesta p\u00e1gina, na sec\u00e7\u00e3o \u201cProdutos\u201d e agora tamb\u00e9m pode ver os nossos carros funer\u00e1rios que temos [&hellip;]<\/p>\n","protected":false},"author":1,"featured_media":0,"parent":0,"menu_order":0,"comment_status":"closed","ping_status":"closed","template":"","meta":{"_et_pb_use_builder":"on","_et_pb_old_content":"","_et_gb_content_width":"","footnotes":""},"class_list":["post-73","page","type-page","status-publish","hentry"],"_links":{"self":[{"href":"https:\/\/www.atpfilhos.com\/index.php?rest_route=\/wp\/v2\/pages\/73","targetHints":{"allow":["GET"]}}],"collection":[{"href":"https:\/\/www.atpfilhos.com\/index.php?rest_route=\/wp\/v2\/pages"}],"about":[{"href":"https:\/\/www.atpfilhos.com\/index.php?rest_route=\/wp\/v2\/types\/page"}],"author":[{"embeddable":true,"href":"https:\/\/www.atpfilhos.com\/index.php?rest_route=\/wp\/v2\/users\/1"}],"replies":[{"embeddable":true,"href":"https:\/\/www.atpfilhos.com\/index.php?rest_route=%2Fwp%2Fv2%2Fcomments&post=73"}],"version-history":[{"count":21,"href":"https:\/\/www.atpfilhos.com\/index.php?rest_route=\/wp\/v2\/pages\/73\/revisions"}],"predecessor-version":[{"id":394,"href":"https:\/\/www.atpfilhos.com\/index.php?rest_route=\/wp\/v2\/pages\/73\/revisions\/394"}],"wp:attachment":[{"href":"https:\/\/www.atpfilhos.com\/index.php?rest_route=%2Fwp%2Fv2%2Fmedia&parent=73"}],"curies":[{"name":"wp","href":"https:\/\/api.w.org\/{rel}","templated":true}]}}